of 2869 and 1812.
151
Calculate the greatest common factor of 191 and 1013828.
191
What is the greatest common factor of 2990 and 2275?
65
What is the highest common factor of 178237 and 1233?
137
What is the greatest common factor of 138 and 426?
6
Calculate the greatest common factor of 341 and 122822.
31
Calculate the greatest common factor of 1020 and 1109420.
340
What is the greatest common divisor of 430 and 7138?
86
What is the greatest common divisor of 137 and 2331877?
137
What is the greatest common factor of 228 and 264556?
76
Calculate the highest common factor of 27795 and 1479.
51
Calculate the highest common divisor of 491399 and 964.
241
Calculate the greatest common divisor of 117063 and 18.
9
Calculate the highest common factor of 700 and 2500.
100
What is the highest common divisor of 25332 and 60?
12
Calculate the highest common divisor of 100793 and 4165.
833
What is the greatest common divisor of 40188 and 480?
12
What is the highest common divisor of 3105300 and 200?
100
What is the highest common factor of 4644 and 5504?
172
What is the highest common divisor of 245 and 22001?
49
What is the highest common divisor of 85 and 63055?
5
Calculate the greatest common factor of 1155 and 35490.
105
Calculate the greatest common divisor of 62 and 280178.
62
Calculate the greatest common factor of 17 and 185113.
17
What is the highest common factor of 103147 and 1628?
11
Calculate the highest common divisor of 275 and 5665.
55
Calculate the highest common divisor of 4887 and 3456.
27
Calculate the highest common factor of 896 and 379568.
112
Calculate the highest common factor of 380083 and 44.
11
Calculate the highest common divisor of 198 and 3546.
18
What is the greatest common divisor of 2908 and 104?
4
Calculate the greatest common divisor of 140000 and 4400.
400
What is the highest common factor of 503340 and 16?
4
What is the highest common divisor of 265287 and 1947?
33
What is the highest common divisor of 440 and 2266?
22
Calculate the highest common factor of 1450 and 5650.
50
What is the highest common divisor of 900 and 459765?
45
Calculate the highest common divisor of 375936 and 5760.
384
Calculate the greatest common factor of 1386 and 72688.
154
Calculate the highest common factor of 804 and 75308.
268
Calculate the greatest common divisor of 608313 and 124.
31
What is the greatest common divisor of 4312 and 46599?
49
What is the highest common divisor of 2616 and 36?
12
Calculate the greatest common divisor of 1732 and 435598.
866
Calculate the highest common factor of 34 and 208386.
34
Calculate the highest common factor of 591 and 1111474.
197
What is the highest common factor of 1013 and 47?
1
What is the greatest common factor of 26746 and 43?
43
What is the greatest common factor of 12294634 and 1273?
1273
What is the highest common divisor of 2298890 and 550?
110
What is the greatest common factor of 282 and 6988242?
282
Calculate the greatest common factor of 19435 and 85345.
845
Calculate the greatest common factor of 143 and 24860.
11
Calculate the highest common divisor of 5763 and 20001.
339
Calculate the highest common factor of 55 and 14795.
55
Calculate the highest common factor of 25135 and 3190.
55
Calculate the greatest common divisor of 37487 and 76.
19
What is the greatest common factor of 51 and 52581?
51
What is the greatest common factor of 1176 and 456?
24
Calculate the greatest common factor of 1950 and 33.
3
Calculate the highest common factor of 2040 and 8466.
102
Calculate the highest common divisor of 94 and 159706.
94
Calculate the greatest common factor of 6528 and 1920.
384
Calculate the greatest common divisor of 14 and 95620.
14
Calculate the highest common factor of 25506 and 282.
6
What is the highest common divisor of 1140 and 100890?
570
Calculate the highest common factor of 28054 and 2490.
166
What is the highest common divisor of 317229 and 11?
11
What is the greatest common divisor of 1460940 and 13?
13
Calculate the greatest common divisor of 39340 and 315.
35
What is the greatest common divisor of 482504 and 275?
11
Calculate the highest common divisor of 1674 and 63909.
27
What is the greatest common factor of 113445 and 360?
45
What is the highest common factor of 666 and 80919?
333
What is the greatest common factor of 3053145 and 1335?
1335
What is the highest common factor of 982 and 554339?
491
Calculate the highest common divisor of 1488350 and 30.
10
Calculate the highest common factor of 17563 and 6279.
91
What is the greatest common factor of 11 and 669064?
11
Calculate the highest common divisor of 273339 and 45.
9
Calculate the highest common factor of 724 and 1135232.
724
Calculate the highest common divisor of 1287 and 16614.
117
Calculate the greatest common divisor of 1800 and 156.
12
Calculate the greatest common factor of 84 and 6764.
4
What is the greatest common factor of 413646 and 142?
142
What is the greatest common divisor of 965 and 190?
5
Calculate the greatest common factor of 152232 and 42.
6
What is the greatest common factor of 67264 and 128?
64
Calculate the highest common divisor of 13772 and 748.
44
Calculate the highest common divisor of 191376 and 72.
72
What is the highest common factor of 221824 and 128?
128
What is the highest common divisor of 100929 and 765?
51
What is the greatest common factor of 218220 and 12?
12
Calculate the highest common factor of 15322 and 376.
94
What is the greatest common factor of 5518544 and 16?
16
Calculate the highest common divisor of 32860 and 56.
4
Calculate the greatest common divisor of 10 and 310.
10
What is the highest common factor of 33 and 1199?
11
What is the highest common factor of 936 and 115752?
312
What is the greatest common divisor of 774 and 19854?
18
What is the highest common factor of 111 and 14493048?
111
Calculate the greatest common factor of 2033 and 6023.
19
What is the highest common factor of 71712 and 58176?
288
Calculate the greatest common factor of 32188 and 3406.
26
What is the greatest common divisor of 10692 and 1?
1
What is the highest common factor of 1384 and 1088?
8
What is the highest common divisor of 2121 and 5151?
303
Calculate the greatest common divisor of 41265 and 30785.
655
What is the highest common divisor of 2688 and 30863?
7
What is the highest common factor of 192952 and 13528?
712
Calculate the highest common divisor of 114 and 296238.
6
What is the highest common factor of 2029030 and 3678?
1226
Calculate the greatest common factor of 436 and 45998.
218
What is the highest common factor of 634 and 46?
2
Calculate the highest common factor of 3072 and 20784.
48
What is the highest common divisor of 524 and 1380347?
131
Calculate the highest common factor of 10035 and 261.
9
Calculate the highest common divisor of 6 and 317760.
6
Calculate the greatest common divisor of 40 and 14990.
10
What is the highest common factor of 229 and 67097?
229
What is the highest common divisor of 92 and 1971928?
92
Calculate the highest common divisor of 18662 and 1085.
217
Calculate the greatest common divisor of 1022 and 644.
14
What is the highest common divisor of 270 and 14715?
135
Calculate the highest common divisor of 4408 and 2812.
76
Calculate the highest common divisor of 27 and 1770633.
27
What is the greatest common factor of 762 and 54?
6
Calculate the greatest common divisor of 660142 and 122.
122
What is the highest common divisor of 726098 and 86?
86
What is the highest common divisor of 7751 and 18538?
23
Calculate the highest common divisor of 8 and 1273204.
4
Calculate the highest common factor of 160 and 47720.
40
Calculate the greatest common factor of 213 and 34.
1
Calculate the greatest common divisor of 1977225 and 1845.
615
Calculate the highest common factor of 2945 and 92245.
95
What is the highest common divisor of 3527350 and 235?
235
Calculate the greatest common divisor of 60 and 93810.
30
Calculate the greatest common divisor of 2081783 and 11.
11
What is the highest common divisor of 15189 and 1281?
183
What is the highest common divisor of 2356 and 684?
76
What is the greatest common divisor of 312 and 492908?
52
What is the greatest common divisor of 62673 and 195?
39
What is the highest common factor of 5274 and 954?
18
W